{"id":35,"date":"2026-03-17T15:35:42","date_gmt":"2026-03-17T15:35:42","guid":{"rendered":"https:\/\/hurtmini.pl\/?post_type=product&#038;p=35"},"modified":"2026-03-17T15:54:11","modified_gmt":"2026-03-17T15:54:11","slug":"smartpos-nexgo-n3","status":"publish","type":"product","link":"https:\/\/hurtmini.pl\/?product=smartpos-nexgo-n3","title":{"rendered":"SmartPOS NexGo N3"},"content":{"rendered":"<p>SmartPOS NexGo N3 \u2013 mobilny terminal z innowacyjnymi rozwi\u0105zaniami, wspieraj\u0105cy efektywno\u015b\u0107 obs\u0142ugi klienta z komfortem u\u017cytkowania.<\/p>\n<p>Nowoczesny wygl\u0105d terminala w po\u0142\u0105czeniu z du\u017cym dotykowym wy\u015bwietlaczem sprawia, \u017ce przeprowadzanie transakcji staje si\u0119 proste i przejrzyste. Terminal opracowany jest na znanym systemie operacyjnym Android. Zastosowany intuicyjny i nowoczeny interfejs zwi\u0119ksza szybko\u015b\u0107 i \u0142atwo\u015b\u0107 obs\u0142ugi klient\u00f3w w dowolnym momencie. Mo\u017cliwo\u015bci, jakie oferuje system pozwalaj\u0105 na wykorzystanie terminala nie tylko do przeprowadzania transakcji bezgot\u00f3wkowych. Aplikacje partnerskie sprawiaj\u0105, \u017ce terminal mo\u017ce pe\u0142ni\u0107 wiele r\u00f3\u017cnych funkcji, przekszta\u0142caj\u0105c NexGo N3 w terminal najnowszej generacji.<\/p>\n<p>Zastosowanie szybkiego czterordzeniowego procesora zapewnia lepsz\u0105 wydajno\u015b\u0107 i szybko\u015b\u0107 przy ka\u017cdej transakcji.<\/p>\n<p>Zaprojektowany uk\u0142ad zabezpiecze\u0144 z najwy\u017cszymi standardami bezpiecze\u0144stwa zapewnia ochron\u0119 przy ka\u017cdej transakcji. Terminal posiada pojemn\u0105 bateri\u0119, oraz oferuje wiele mo\u017cliwo\u015bci komunikacji. Doceniony zostanie przez przedsi\u0119biorc\u00f3w, kt\u00f3rym zale\u017cy na nowoczesnych rozwi\u0105zaniach w po\u0142\u0105czeniu ze znanymi sprawdzonymi funkcjami, wsp\u00f3lnie tworz\u0105c niezawodne urz\u0105dzenie.<\/p>\n<p>Wprowad\u017a nowe technologie w Tw\u00f3j biznes \u2013 NexGo N3.<\/p>\n","protected":false},"excerpt":{"rendered":"<p>.<\/p>\n","protected":false},"featured_media":36,"template":"","meta":[],"product_brand":[],"product_cat":[19],"product_tag":[],"class_list":{"0":"post-35","1":"product","2":"type-product","3":"status-publish","4":"has-post-thumbnail","6":"product_cat-terminale-platnicze","8":"first","9":"instock","10":"shipping-taxable","11":"product-type-simple"},"_links":{"self":[{"href":"https:\/\/hurtmini.pl\/index.php?rest_route=\/wp\/v2\/product\/35","targetHints":{"allow":["GET"]}}],"collection":[{"href":"https:\/\/hurtmini.pl\/index.php?rest_route=\/wp\/v2\/product"}],"about":[{"href":"https:\/\/hurtmini.pl\/index.php?rest_route=\/wp\/v2\/types\/product"}],"wp:featuredmedia":[{"embeddable":true,"href":"https:\/\/hurtmini.pl\/index.php?rest_route=\/wp\/v2\/media\/36"}],"wp:attachment":[{"href":"https:\/\/hurtmini.pl\/index.php?rest_route=%2Fwp%2Fv2%2Fmedia&parent=35"}],"wp:term":[{"taxonomy":"product_brand","embeddable":true,"href":"https:\/\/hurtmini.pl\/index.php?rest_route=%2Fwp%2Fv2%2Fproduct_brand&post=35"},{"taxonomy":"product_cat","embeddable":true,"href":"https:\/\/hurtmini.pl\/index.php?rest_route=%2Fwp%2Fv2%2Fproduct_cat&post=35"},{"taxonomy":"product_tag","embeddable":true,"href":"https:\/\/hurtmini.pl\/index.php?rest_route=%2Fwp%2Fv2%2Fproduct_tag&post=35"}],"curies":[{"name":"wp","href":"https:\/\/api.w.org\/{rel}","templated":true}]}}